 = 160822*h - 964941. Calculate t(6).
-9
Let j(i) = -3*i**2 - 223*i - 2143. Give j(-59).
571
Let n(r) = r**3 - 114*r**2 + 237*r - 1515. Calculate n(112).
-59
Let m(k) = 2379*k + 21889. Give m(-9).
478
Let t(o) = 123293*o - 246581. Give t(2).
5
Let p(c) = -190*c**2 + 7982*c - 136. Give p(42).
-52
Let o(f) = -2611*f - 453. Give o(-1).
2158
Let x(v) = -3*v**2 + 16563*v - 82744. What is x(5)?
-4
Let m(n) = 2*n**3 + 343*n**2 - 843*n + 1592. What is m(-174)?
-3106
Let n(v) = 16154*v - 210053. Give n(13).
-51
Let v(u) = -2*u**2 - 1619*u - 64453. Calculate v(-42).
17
Let v(p) = -p**3 + 38*p**2 - 2177*p + 66398. Determine v(33).
2
Let x(m) = -12*m**2 + 174*m + 352. Give x(16).
64
Let b(v) = 53808*v + 53827. Give b(-1).
19
Let x(f) = -33620*f + 806906. Give x(24).
26
Let h(s) = -152*s**2 + 13540*s - 74. Give h(89).
994
Let i(n) = n**3 + 109*n**2 + 79*n - 272. Calculate i(-2).
-2
Let g(l) = -142*l - 242. What is g(-5)?
468
Let l(y) = 328372*y - 656741. Give l(2).
3
Let f(i) = 254*i**2 - 52837*i + 1019. Calculate f(208).
-21
Let p(d) = 4*d**2 - 403*d - 2560. Calculate p(-6).
2
Let k(c) = 1196*c**2 - 13152*c - 19. Give k(11).
25
Let j(t) = -40*t - 3442. Determine j(-91).
198
Let o(x) = x**2 + 3248*x + 67755. Calculate o(-21).
-12
Let y(h) = -1558*h - 14655. Give y(-9).
-633
Let k(y) = 81*y**2 - 541*y + 2159. What is k(4)?
1291
Let v(q) = -7*q**2 - 578*q + 5633. What is v(10)?
-847
Let s(r) = 247632*r - 1238155. What is s(5)?
5
Let k(v) = 2*v**3 + 422*v**2 - 847*v + 1058. Calculate k(-213).
-7
Let i(g) = 78*g**2 + 719*g + 156. Give i(-7).
-1055
Let n(q) = 475162*q + 950319. Give n(-2).
-5
Let u(s) = 92*s**2 + 260*s + 59. What is u(-5)?
1059
Let g(w) = -5*w**3 + 17*w**2 + 17*w + 24. Calculate g(8).
-1312
Let t(a) = -5956*a + 327571. Calculate t(55).
-9
Let i(c) = -431*c**2 - 451*c - 22. Determine i(-1).
-2
Let q(g) = g**3 + 115*g**2 + 308*g - 3072. Determine q(-112).
64
Let a(q) = -q**3 - 40*q**2 + 70*q - 987. Calculate a(-42).
-399
Let h(n) = -6*n**2 - 100*n - 698. Determine h(-9).
-284
Let t(q) = 10*q**2 + 105*q + 117. Calculate t(-10).
67
Let o(w) = -4596*w - 133217. Determine o(-29).
67
Let o(x) = -x**3 + 54*x**2 - 693*x - 46. Determine o(21).
-46
Let g(a) = 2*a**3 + 1223*a**2 + 3058*a + 8014. Give g(-609).
97
Let l(c) = 2*c**3 - 138*c**2 + 133*c + 198. What is l(68)?
-6
Let g(i) = 3*i**3 - 31*i**2 + 27*i - 435. Calculate g(10).
-265
Let n(s) = -12535*s - 915039. Calculate n(-73).
16
Let f(i) = 56748*i - 113521. What is f(2)?
-25
Let j(i) = -323*i**2 + 4587*i - 13175. Determine j(4).
5
Let r(h) = 2970*h - 98811. Calculate r(32).
-3771
Let p(w) = 9*w**2 + 1366*w + 8204. Give p(-6).
332
Let o(d) = 55*d - 17292. Determine o(308).
-352
Let s(w) = 133*w - 5475. Calculate s(40).
-155
Let w(b) = 2*b**3 - 61*b**2 - 101*b + 125. Determine w(32).
-35
Let u(f) = 474*f - 1267. What is u(3)?
155
Let s(z) = z**2 + 58*z + 425. Determine s(-41).
-272
Let f(n) = n**3 - 28*n**2 + 43*n + 1362. What is f(10)?
-8
Let o(d) = 46*d**2 + 4580*d - 1170. Calculate o(-99).
-3744
Let c(z) = -378*z**2 + 18879*z + 1046. What is c(50)?
-4
Let z(h) = -281*h + 21040. Give z(75).
-35
Let b(c) = 2*c**2 + 1803*c + 9004. What is b(-5)?
39
Let d(n) = 3877*n - 3683145. Give d(950).
5
Let q(k) = 11500*k + 252955. Calculate q(-22).
-45
Let k(u) = u**3 - 271*u**2 + 2377*u - 444. Determine k(262).
4534
Let f(k) = -2530*k + 18010. Calculate f(7).
300
Let g(m) = 7*m**3 + 544*m**2 + 430*m + 141. Calculate g(-77).
-3324
Let r(i) = 6008*i + 39850. What is r(-7)?
-2206
Let f(u) = 32*u**2 + 1891*u + 7547. Give f(-4).
495
Let l(w) = -94181*w - 659259. Give l(-7).
8
Let t(q) = q**3 - 15*q**2 + 76*q - 123. Calculate t(4).
5
Let o(f) = -374*f + 33784. What is o(92)?
-624
Let z(f) = f**3 + 14*f**2 + 34*f + 44. What is z(-6)?
128
Let f(o) = 75879*o + 531225. Calculate f(-7).
72
Let a(q) = -4*q**3 + 43*q**2 - 212*q - 143. Determine a(6).
-731
Let v(k) = -23*k**3 + 10*k**2 + 17*k - 18. Give v(-3).
642
Let n(x) = -15*x**2 + 1931*x + 10577. Give n(134).
-9
Let s(y) = y**3 - 345*y**2 + 3343*y + 1025. Calculate s(335).
-1320
Let q(b) = -b**3 + 67*b**2 + 759*b - 4. What is q(77)?
-851
Let h(z) = -2*z**3 + 97*z**2 + 45*z + 459. Give h(49).
263
Let l(j) = 1406*j - 2055. What is l(-5)?
-9085
Let i(j) = -j**2 + 538*j - 48931. What is i(422)?
21
Let m(x) = -48*x**2 - 4*x - 86. Give m(5).
-1306
Let z(w) = -w**3 - 6*w**2 - 337. Give z(0).
-337
Let r(v) = -6*v**2 - 517*v - 3826. Calculate r(-78).
-4
Let y(g) = g**3 + 89*g**2 + 1177*g + 4956. Calculate y(-74).
-2
Let k(v) = 15*v**2 + 2418*v - 116401. Give k(-200).
-1
Let z(h) = 36*h**2 - 7586*h - 2104. Determine z(211).
6
Let x(j) = j**3 - 59*j**2 + 892*j - 698. Give x(29).
-60
Let f(h) = -4*h**2 - 4012*h - 910511. What is f(-347)?
17
Let k(v) = 4*v**2 + 3881*v - 23056. Determine k(6).
374
Let x(m) = 14*m**2 + 500*m - 113. Determine x(-38).
1103
Let s(j) = -j**3 + 138*j**2 - 3902*j - 701. Give s(40).
19
Let s(w) = w**3 - 25*w**2 - 157*w - 1352. Give s(31).
-453
Let k(x) = 4*x + 467. What is k(0)?
467
Let w(c) = -c**2 + 526*c + 184762. What is w(-241)?
-85
Let c(l) = -9*l**2 - 3966*l - 386741. Determine c(-295).
4
Let w(c) = -37983*c + 113962. Calculate w(3).
13
Let a(w) = 1286*w - 5191. Determine a(4).
-47
Let t(u) = 765*u - 15551. Give t(20).
-251
Let q(a) = 3*a**3 - 26*a**2 + 130*a - 825. Determine q(7).
-160
Let s(l) = -915*l + 93291. Calculate s(102).
-39
Let j(f) = -287*f**2 + 1412*f - 1412. Calculate j(1).
-287
Let j(b) = -40*b**2 - 6511*b - 156. What is j(-163)?
-1623
Let q(f) = -202*f**2 + 650*f + 28. Give q(5).
-1772
Let o(b) = -2*b**2 - 38636*b + 1315940. What is o(34)?
4
Let s(t) = -1139*t - 2522. Determine s(-3).
895
Let m(d) = 7*d**3 - 1416*d**2 + 6900*d + 27. Calculate m(5).
2
Let n(w) = -w**3 - 428*w**2 - 3703*w + 589. What is n(-9)?
-23
Let x(g) = 2*g**2 - 152*g + 1525. What is x(62)?
-211
Let s(m) = -63*m + 1095. What is s(17)?
24
Let r(s) = 293*s - 132143. Determine r(451).
0
Let v(b) = b**2 + 206*b + 8080. What is v(-152)?
-128
Let s(v) = 5*v**2 - 446*v - 2376. Calculate s(-5).
-21
Let o(l) = -11*l + 53. Calculate o(-53).
636
Let p(i) = -2*i**3 + 54*i**2 - 232*i + 6265. Calculate p(27).
1
Let n(p) = 2*p**3 + 125*p**2 + 64*p - 13. Calculate n(-62).
-137
Let x(l) = -6*l**2 + 3820*l - 10140. Calculate x(634).
4
Let s(i) = -i**3 + 12*i**2 + 5012*i - 88254. Calculate s(18).
18
Let q(n) = -5*n**2 - 5151*n + 20647. Determine q(4).
-37
Let m(i) = -14*i + 2462. Give m(177).
-16
Let b(d) = -21152*d + 275742. Give b(13).
766
Let k(v) = 50*v**2 - 6571*v - 41234. Give k(-6).
-8
Let u(i) = i**3 + 117*i**2 + 255*i + 3011. What is u(-115)?
136
Let g(a) = a**2 - 651*a + 95280. What is g(222)?
42
Let t(n) = 34*n**2 - 225*n + 1612. Determine t(6).
1486
Let l(b) = -5319*b - 324969. What is l(-61)?
-510
Let v(l) = -5*l**2 + 219*l + 157. What is v(46)?
-349
Let o(n) = -n**2 + 62*n + 164651. Calculate o(438).
-37
Let w(d) = -2*d**3 + 2*d**2 + 52*d - 56. What is w(1)?
-4
Let t(m) = -5*m**2 + 655*m - 1680. Give t(129).
-390
Let w(h) = 3*h**2 + 1493*h + 65549. What is w(-449)?
-5
Let a(p) = 57*p**3 - 1764*p**2 - 67*p - 250. What is a(31)?
556
Let a(b) = -b**2 + 17762*b + 1087225. What is a(-61)?
22
Let a(g) = 4*g**2 + 816*g - 42416. What is a(43)?
68
Let r(q) = q**2 + 98*q + 291. Determine r(-103).
806
Let t(f) = 235*f**2 + 76*f + 180. Give t(-4).
3636
Let t(x) = x**2 + 28298*x - 141502. What is t(5)?
13
Let n(g) = -692*g + 15052. Calculate n(21).
520
Let q(r) = -116*r - 8797. Calculate q(-61).
-1721
Let a(d) = 2*d**3 + 25*d**2 + 64*d + 36. What is a(-7)?
127
Let s(b) = b**3 - 264*b**2 + 598*b - 19198. Calculate s(262).
190
Let s(n) = 63*n + 3017. Give s(-70).
-1393
Let t(v) = 5*v**3 - 2440*v**2 - 19833*v - 3458. Calculate t(496).
14
Let p(g) = 1912617*g - 11475705. Calculate p(6).
-3
Let w(l) = 3624*l + 1032833. What is w(-285)?
-7
Let g(l) = 12*l**2 + 2771*l + 2753. What is g(-1)?
-6
Let h(k) = -587*k**3 + 36*k**2 + 25*k - 61. Give h(1).
-587
Let b(z) = -z**2 + 244*z - 14839. Calculate b(131).
-36
Let x(v) = 2210*v + 963574. What is x(-436)?
14
Let a(y) = -3562*y - 17839. Determine a(-5).
-29
Let a(b) = -91*b**2 + 111*b + 256. Give a(-1).
54
Let n(f) = 49*f**2 + 204*f + 997. Give n(-7).
1970
Let z(l) = 5*l**3 + 1307*l**2 + 525*l + 786. What is z(-261)?
3
Let s(n) = 60*n + 460